Suppose o*u + u - 20 = 0, 0 = -5*v - u + 49. What is the greatest common factor of 6 and v?
3
Let j = 522 - 444. What is the highest common divisor of 2028 and j?
78
Let z be 2160/16 - -1*(-10)/2. Calculate the highest common divisor of z and 50.
10
Let r = 160 - 154. Let i(q) = 6*q**2 - q + 1. Let w be i(1). What is the highest common divisor of r and w?
6
Let b = 2490 - 2085. Calculate the greatest common divisor of b and 315.
45
Suppose -3*m - 4*y - 72 = 0, 0*m + 51 = -3*m + 3*y. Let v(q) = q**2 + 13*q - 21. Let z be v(m). Calculate the greatest common factor of 17 and z.
17
Suppose -7*x - 210 = -2*x - 4*t, 3*t = x + 53. Let d = x - -71. Let k(z) = 4*z**3 - z**2 + z - 1. Let l be k(1). What is the highest common divisor of l and d?
3
Suppose 5*l + 18 + 7 = 0, -l = p - 105. Calculate the highest common factor of 165 and p.
55
Let n be (3 + 1)*(-6)/(-4). Let l = 88 - 30. Suppose 0 = 3*z - 4*v - 98, 3*z - l = z - v. Calculate the highest common divisor of z and n.
6
Suppose 0 = 2*x + x. Suppose 3*q + 8 - 35 = x. Let u(l) = -38*l + 1335. Let g be u(33). What is the highest common factor of q and g?
9
Let n(i) = 4*i**2 + 42*i - 13. Let b be n(-11). Let z(s) = -s**3 + 9*s**2 - s + 27. Let g be z(b). Calculate the highest common factor of 27 and g.
9
Suppose 2 = -4*h + 82. Let r be (h/5)/(1/7). Calculate the highest common factor of 14 and r.
14
Let d(g) be the first derivative of -67*g**2/2 + 7*g - 14. Let w be d(-4). Calculate the highest common divisor of w and 25.
25
Let c(q) = -2*q + 10. Let u be c(4). Let b be (-200)/u*(-34)/85. Calculate the highest common factor of 100 and b.
20
Suppose -18 = -7*r + 52. Calculate the highest common divisor of 340 and r.
10
Suppose 11*s + 623 - 1767 = 0. What is the highest common factor of 13 and s?
13
Suppose -l = 11*l - 17496. Calculate the greatest common factor of 27 and l.
27
Let p(h) = -2*h - 21. Let k be p(-11). Let m(b) = 24*b**3 + 2*b**2 - 3*b + 1. Let j be m(k). What is the highest common divisor of j and 192?
24
Suppose 4*l - 4*a - 12 = 0, -a = l + 3*a - 3. Suppose 60 = 2*n + l*n. What is the greatest common divisor of n and 3?
3
Let r = 288 + -116. Suppose 4*b - 4*h = r, -6*b - 4*h = -4*b - 116. Calculate the greatest common divisor of b and 12.
12
Suppose 7*n + 39 = 305. Let o = n + -18. Let l = 46 - o. Calculate the greatest common factor of 13 and l.
13
Let o be (-69*(-6)/(-9))/(1 + -3). Suppose 18 = -o*z + 25*z. What is the highest common divisor of z and 81?
9
Suppose -5*q + 9*q = -j + 104, 0 = 2*j - q - 172. Calculate the greatest common divisor of j and 11.
11
Suppose 0 = -4*n + 1462 + 178. Calculate the highest common factor of 10 and n.
10
Let w be ((-148)/(-5) - (-2)/5)*57/114. Suppose 6 = -2*b, -q + 3*b + 4 = -2*q. Calculate the highest common divisor of w and q.
5
Suppose -384 = -2*i - j, -5*i - 6*j + j = -960. Calculate the greatest common divisor of 12 and i.
12
Let z(k) = 48*k + 290. Let c be z(-6). Let f(y) = 5*y**2 - 2*y - 2. Let g be f(2). What is the highest common divisor of c and g?
2
Suppose -4*c - 2 - 7 = -5*i, 5*i = 2*c + 17. Suppose p - 64 = c. Calculate the greatest common divisor of 17 and p.
17
Let b = 0 - -26. Calculate the highest common divisor of b and 442.
26
Let n(s) be the first derivative of -s**4/4 - 11*s**3/3 - 9*s**2 + 2*s + 30. Let u be n(-9). What is the highest common factor of 18 and u?
2
Suppose -152 - 10 = -3*w. Suppose -6*h + 2 = -5*h - 4*x, 0 = 3*h + 4*x - 70. What is the greatest common factor of w and h?
18
Let s(t) = 2*t**3 + 34*t**2 + t - 24. Let h be s(-17). Let g = -6 - h. Calculate the greatest common divisor of g and 14.
7
Let s be ((-28)/12)/((-1)/(-18) - 0). Let o be (-1)/3 - 770/s. Calculate the highest common divisor of 2 and o.
2
Suppose k - 98 = 3*z, 4*z = -k + 12 + 79. What is the greatest common factor of k and 15?
5
Suppose 12*p - 2*p = 520. Suppose 6*x = p + 98. Calculate the highest common factor of 50 and x.
25
Let q = 312 - 256. What is the highest common divisor of q and 72?
8
Let y = -22 - -10. Let u be 17 + y/4 + 4. Calculate the highest common factor of 36 and u.
18
Let j be 4 - ((-3)/1)/3. Let w(t) = t**3 - 4*t**2 - t - 8. Let q be w(j). Calculate the highest common divisor of q and 60.
12
Let m = -59 + 61. Suppose 0 = -m*y - p + 12, 0*p = 5*y - p - 30. What is the highest common divisor of y and 30?
6
Let y(w) = w - 6. Let u be y(12). Suppose k - u*k + 20 = 0. Let g be (-1 + k)/(9/120). Calculate the greatest common divisor of g and 4.
4
Let c be 9/2 - 9/(-6). Suppose 0 = -10*i - c*i + 720. Calculate the greatest common factor of 15 and i.
15
Let s(w) = w**3 - 3*w**2 - 30*w - 20. Let b be s(8). Let z(i) = -i**3 - 6*i**2 - 6*i - 1. Let n be z(-7). What is the highest common factor of b and n?
30
Let t(q) = 2*q**3 + 10*q**2 - q. Let s = -12 + 42. Let v = s - 35. Let h be t(v). What is the highest common factor of 35 and h?
5
Suppose -c = 3*f - 335, 2*c = -f + 2*f - 114. What is the highest common divisor of 21 and f?
7
Let k(l) = -l**2 + 4*l. Let c be k(3). What is the highest common divisor of 75 and c?
3
Let b(k) = -21*k + 33. Let q be b(-3). What is the greatest common divisor of q and 64?
32
Let o be (-46 - -12)/(-8 - -6). Let r be 282/(-2) - (5 - 3). Let c = -24 - r. Calculate the greatest common divisor of o and c.
17
Let a(s) = -34*s**2 + 4*s + 5. Let b be a(3). Let g = 839 + b. What is the greatest common divisor of g and 50?
50
Let f(g) = -g**2 - 8*g - 11. Let z be f(-5). Let y = 16 + z. Suppose 3*s - 205 = -55. What is the greatest common divisor of s and y?
10
Let r = 183 + -137. What is the greatest common factor of r and 253?
23
Let z be (-394)/(-7) + 20/(-70). Let p = z - 21. Calculate the highest common divisor of p and 7.
7
Let j(i) = -i**2 + 35*i + 166. Let y be j(38). Calculate the greatest common divisor of 143 and y.
13
Let z = -229 - -90. Let j = -133 - z. Calculate the highest common divisor of j and 2.
2
Let m be 3*(-5)/(15/(-116)). What is the highest common factor of m and 58?
58
Let h be (-3)/2*3*32/(-9). Let v(l) = -l**3 + 7*l**2 + 7*l - 9. Let q be v(7). What is the greatest common divisor of h and q?
8
Suppose n = -4*n + 70. Let r be 27784/1012 - 12/(-22). Calculate the highest common divisor of n and r.
14
Let i(k) = 17*k + 94. Let v be i(-4). What is the greatest common factor of 78 and v?
26
Let x be 75 - (-2 + 7)/(-5). What is the highest common divisor of x and 266?
38
Suppose -54*k + 23390 = -964. Suppose -b = -4*b + 123. What is the greatest common divisor of b and k?
41
Let x = -43 + 36. Let t be (-2 - 0) + (x - -57). Calculate the greatest common divisor of 16 and t.
16
Let f be ((-166)/6)/((-12)/36). Let p = f + -173. Let h be p*5/((-100)/8). Calculate the greatest common factor of h and 108.
36
Let j be (-1 + (-45)/(-18))/(9/120). Calculate the highest common divisor of j and 230.
10
Let h be (-10 + -2)*114/(-9). Suppose 0*t = 5*x + 4*t - 380, -2*x + h = 4*t. Calculate the greatest common divisor of 19 and x.
19
Suppose 1768 = 6*p + 11*p. What is the greatest common factor of 4 and p?
4
Suppose -12*m = 7 - 307. Calculate the greatest common factor of 25 and m.
25
Suppose w + 3*j + 13 - 44 = 0, -4*j = -w + 38. Let g be (w/(-51))/((-2)/525). Suppose -g = -8*y + 441. Calculate the highest common factor of y and 11.
11
Let q = 56 - -24. Suppose -2 = -2*s - 12, 3*x = -2*s + 50. Calculate the greatest common divisor of q and x.
20
Let j = 14 + -62. Let s = j - -53. Let c = -4 - -6. What is the greatest common divisor of c and s?
1
Let q be (-2)/(-6) - (-2 + (-20)/12). Suppose 2*u - 330 = -4*p, q*u = -p + 5*p - 300. What is the greatest common factor of p and 16?
16
Suppose 15 = -5*q, -f - 5*q = -6*f + 275. Suppose -2*n - 319 + 3 = 0. Let m = 288 + n. What is the highest common factor of m and f?
26
Suppose 4*c = -5*b + 17, 8*b = 5*b - 2*c + 9. Let k be b/8 + 875/40. What is the greatest common divisor of 44 and k?
22
Suppose -23*s = -9336 - 2900. What is the greatest common factor of s and 399?
133
Let d(x) = -3*x**3 + 40*x**2 - 6*x + 29. Let h be d(13). Calculate the highest common divisor of 204 and h.
12
Suppose 6*m - 3*l = 2*m + 354, -437 = -5*m + l. Let c(q) = q**2 - 3*q - 1. Let z be c(-1). Calculate the highest common divisor of z and m.
3
Suppose 6*v + 174 = r + 2*v, -360 = -2*